z) = 45*z + 845. Determine j(-19).
-10
Let y(w) = 16*w**2 + 140*w - 539. Calculate y(4).
277
Let j(m) = 43*m + 12. Calculate j(-2).
-74
Let a(h) = -4*h**2 - 24*h + 27. Determine a(-6).
27
Let d(y) = 2*y**3 - 16*y**2 + 9*y + 10. Give d(7).
-25
Let y(c) = 2*c**2 - 3979*c + 15892. What is y(4)?
8
Let r(t) = 10*t**2 - 898*t - 192. Calculate r(90).
-12
Let v(f) = -75*f - 2925. Give v(-39).
0
Let d(f) = f**3 + 9*f**2 + 10*f + 36. Give d(-8).
20
Let g(i) = i**3 + 18*i**2 + 48*i + 5. What is g(-3)?
-4
Let a(r) = -r**3 - 10*r**2 - 11*r + 71. Calculate a(-10).
181
Let l(g) = -2*g**3 + 24*g**2 + 45*g - 204. What is l(13)?
43
Let t(k) = 11*k**2 - 61*k - 9. What is t(4)?
-77
Let q(n) = -n**3 + 7*n**2 + 8*n + 6. What is q(-3)?
72
Let x(p) = -48*p**2 + 3936*p - 18. Determine x(82).
-18
Let o(v) = v**2 + 24*v - 3. Determine o(8).
253
Let w(y) = 12*y**3 - 55*y**2 - 109*y - 54. What is w(-1)?
-12
Let z(w) = -30*w + 133. Determine z(0).
133
Let s(p) = -3*p**2 - 5*p + 24. Give s(7).
-158
Let p(x) = -3*x**3 - 21*x**2 - 18*x. What is p(-6)?
0
Let w(h) = 2*h**3 - 11*h**2 + 27*h - 96. Determine w(5).
14
Let q(h) = h**3 + 3*h**2 - 134*h - 35. Determine q(-13).
17
Let t(x) = 127*x - 1277. Give t(9).
-134
Let q(r) = 7*r**2 + 82*r + 19. Calculate q(-9).
-152
Let c(r) = 472*r - 2341. Calculate c(5).
19
Let g(w) = -17*w**2 + 107*w - 107. Give g(1).
-17
Let o(c) = -61*c - 305. Calculate o(-5).
0
Let w(v) = 12*v - 169. Give w(18).
47
Let a(b) = b**3 + 17*b**2 - b + 11. What is a(-17)?
28
Let b(u) = -1164*u + 1172. Calculate b(1).
8
Let l(s) = 10*s + 14. Determine l(4).
54
Let h(u) = -2*u**2 + 53*u + 23. Determine h(28).
-61
Let m(v) = -27*v + 529. Determine m(16).
97
Let q(i) = -i**3 - 25*i**2 - 31*i - 58. Calculate q(-24).
110
Let r(x) = 4*x**2 + 52*x + 1. What is r(-13)?
1
Let h(x) = x**3 - 10*x**2 + 24*x - 285. Give h(0).
-285
Let a(g) = 3*g**3 + 79*g**2 + 27*g + 28. Give a(-26).
2
Let w(m) = -303*m + 8779. Give w(29).
-8
Let t(j) = j**2 - 1441*j - 7244. What is t(-5)?
-14
Let o(r) = -r**2 + 130*r + 7007. Calculate o(171).
-4
Let q(x) = 273*x - 27029. Give q(99).
-2
Let s(h) = -15*h**3 - 419*h**2 + 30*h - 13. Give s(-28).
-69
Let m(g) = -g**2 + 34*g - 240. Determine m(18).
48
Let l(k) = -k**3 - 9*k**2 + 2*k + 6. Calculate l(-9).
-12
Let x(y) = -964*y - 4816. Determine x(-5).
4
Let a(x) = 226*x**2 - 2*x + 1. What is a(1)?
225
Let p(g) = -2*g**2 - 378*g - 2575. Give p(-7).
-27
Let w(l) = 2*l**2 - 28*l + 59. What is w(9)?
-31
Let q(o) = -o**3 + 8*o**2 + 468*o + 737. Calculate q(-17).
6
Let y(n) = -93*n - 566. Give y(-10).
364
Let z(c) = -4*c**2 + 53*c + 1127. Give z(-15).
-568
Let y(h) = h**3 - 36*h**2 - 30*h - 250. Calculate y(37).
9
Let v(z) = -10*z + 36. Calculate v(-11).
146
Let f(m) = -m**3 + 8*m**2 - 20*m + 36. Calculate f(5).
11
Let p(y) = -y - 100. Calculate p(-10).
-90
Let j(s) = -77*s + 711. Determine j(10).
-59
Let w(c) = 2*c**2 - 30*c - 313. Calculate w(-7).
-5
Let j(s) = s**2 - 7*s - 241. Determine j(20).
19
Let j(y) = -8*y**2 + 53*y + 56. What is j(8)?
-32
Let t(u) = -156*u - 15283. Give t(-98).
5
Let x(f) = 49*f**2 - 692*f - 690. What is x(-1)?
51
Let j(q) = 3*q**3 + 88*q**2 - 1330*q - 18. What is j(11)?
-7
Let y(k) = -k**2 + 15*k + 98. Give y(20).
-2
Let l(d) = 557*d + 8395. Determine l(-15).
40
Let y(h) = -212*h - 3637. Determine y(-17).
-33
Let d(c) = -19*c - 419. What is d(-19)?
-58
Let g(a) = -21*a - 292. What is g(-10)?
-82
Let d(l) = 46*l - 83. Determine d(17).
699
Let i(f) = f**3 + f**2 - 16*f + 14. Calculate i(-5).
-6
Let q(g) = 3*g**2 - 14*g - 20. Calculate q(7).
29
Let v(n) = -n**3 + 23*n**2 + 118*n - 43. Calculate v(27).
227
Let h(f) = 9*f - 119. Determine h(-24).
-335
Let o(t) = -14911*t - 44732. What is o(-3)?
1
Let v(z) = z**3 + 34*z**2 - 47*z - 425. Give v(-35).
-5
Let n(v) = 61*v + 19. What is n(4)?
263
Let u(k) = 13*k**3 - 2*k**2 - 153*k - 152. Determine u(-1).
-14
Let r(m) = 30*m + 407. Determine r(-21).
-223
Let f(j) = -660*j + 2641. Determine f(4).
1
Let y(s) = 24*s**2 - 721*s + 45. Calculate y(30).
15
Let p(v) = 5*v - 165. Determine p(61).
140
Let x(t) = -t**3 + 19*t**2 - 35*t + 3. Give x(8).
427
Let d(u) = -44*u - 485. Determine d(-26).
659
Let q(u) = -u**2 - 38*u + 78. What is q(-41)?
-45
Let a(u) = -5*u**3 + 2*u**2 + 20*u + 45. Determine a(-3).
138
Let i(h) = -3*h**3 - 9*h + 30. What is i(3)?
-78
Let k(c) = c**3 - 14*c**2 + 66*c - 141. Give k(8).
3
Let c(d) = 170*d + 2316. Determine c(-15).
-234
Let p(c) = c**2 + 53*c - 1461. Give p(20).
-1
Let w(c) = 79*c - 253. Determine w(8).
379
Let p(t) = -t**3 - 6*t**2 + 15*t - 6. Calculate p(-9).
102
Let p(d) = d**3 + 49*d**2 + 358*d + 8012. Give p(-45).
2
Let l(p) = -3*p**2 - 80*p + 283. Calculate l(-30).
-17
Let g(t) = -600*t + 595. Calculate g(1).
-5
Let o(i) = -34*i - 1091. Give o(-26).
-207
Let g(q) = -5*q**2 - 500*q + 1083. Calculate g(-102).
63
Let q(l) = 32*l**2 + 2688*l - 4. Give q(-84).
-4
Let m(i) = 40*i - 8. Give m(5).
192
Let v(r) = 299*r - 68172. Calculate v(228).
0
Let t(s) = -4*s**3 - 14*s**2 + s + 88. Calculate t(-5).
233
Let b(q) = -2*q**2 + 26*q + 3. Determine b(0).
3
Let a(p) = -60*p**2 + 780*p - 15. What is a(13)?
-15
Let h(f) = -47*f**3 - 4*f**2 + f + 6. What is h(-1)?
48
Let q(v) = 2*v + 202. What is q(25)?
252
Let n(w) = -1036*w + 11408. Give n(11).
12
Let b(n) = -n**3 + 28*n**2 + 44*n - 446. Give b(29).
-11
Let j(r) = 3966*r + 19842. What is j(-5)?
12
Let v(w) = -w**2 - 1099*w - 14117. Determine v(-13).
1
Let s(y) = -2*y**3 - 76*y**2 - 14*y - 166. What is s(-38)?
366
Let r(v) = 196*v**3 - 2*v**2 + 52*v - 51. What is r(1)?
195
Let t(h) = -h**3 + 51*h**2 + 117*h - 584. Give t(53).
-1
Let n(b) = b**3 + 13*b**2 - 22*b + 125. What is n(-15)?
5
Let m(d) = d**3 + 75*d**2 - 64*d + 1117. Determine m(-76).
205
Let i(a) = -a**3 - 15*a**2 - 8*a - 695. Calculate i(-17).
19
Let f(w) = -434*w + 6076. Give f(14).
0
Let b(w) = -2*w**2 - 193*w - 1257. Determine b(-7).
-4
Let a(i) = i**3 - 10*i**2 + 25*i - 24. Calculate a(7).
4
Let b(w) = -w**2 - 20*w - 158. Determine b(-12).
-62
Let t(g) = g**2 + 97*g + 1079. What is t(-13)?
-13
Let p(n) = -n**3 + 28*n**2 - 36*n + 161. What is p(27)?
-82
Let x(s) = 29*s**2 + 142*s + 49. What is x(-5)?
64
Let n(v) = 2*v**2 + 124*v + 1833. Determine n(-37).
-17
Let d(a) = 21*a + 356. What is d(-17)?
-1
Let s(o) = o**3 + 37*o**2 - 178*o - 567. Give s(-41).
7
Let v(n) = 2*n**3 + 129*n**2 + 190*n + 68. Give v(-63).
5
Let k(u) = 8*u**2 - 153*u + 74. Give k(19).
55
Let q(b) = -b**3 + 23*b**2 - 82*b - 101. Give q(18).
43
Let m(j) = 381*j + 97. Determine m(-1).
-284
Let r(i) = 88*i + 170. What is r(-2)?
-6
Let p(g) = 8*g + 130. Calculate p(-6).
82
Let g(u) = -8*u**2 + 68*u - 69. What is g(9)?
-105
Let h(w) = 2*w**3 + 171*w**2 + 84*w - 53. Determine h(-85).
32
Let k(d) = -d**2 - 21*d + 206. Calculate k(-30).
-64
Let m(q) = q**3 - 8*q**2 + 4*q + 49. Determine m(4).
1
Let a(b) = b**2 - 2797*b - 5600. Determine a(-2).
-2
Let a(c) = 19*c + 34. What is a(-5)?
-61
Let w(g) = -g**3 + 85*g**2 - 21*g + 1726. Give w(85).
-59
Let l(i) = -8*i + 64. Calculate l(10).
-16
Let p(k) = -k**3 - 63*k**2 + 11*k - 37. Determine p(-63).
-730
Let g(f) = 1449*f - 26080. What is g(18)?
2
Let h(l) = -5269*l - 389906. Calculate h(-74).
0
Let c(m) = -m**3 + 127*m**2 - 11*m + 1331. Give c(127).
-66
Let j(k) = 4*k**2 + 87*k + 256. What is j(-18)?
-14
Let t(d) = d**2 - 56*d + 158. Determine t(53).
-1
Let g(o) = -o**3 - 58*o**2 + 922*o - 2. Determine g(13).
-15
Let n(w) = 3*w**3 - 24*w**2 - 28*w + 269. What is n(8)?
45
Let z(y) = -y**3 + 11*y**2 - 13*y + 14. Calculate z(10).
-16
Let s(k) = 4*k**2 - 29*k + 25. Give s(9).
88
Let i(h) = 747*h - 11893. Determine i(16).
59
Let q(r) = r**2 - 19*r - 7. Give q(19).
-7
Let o(j) = j**3 + 2*j**2 - 42*j + 37. Determine o(5).
2
Let q(c) = 2*c**3 + 20*c**2 - 63*c + 27. What is q(2)?
-3
Let z(x) = -28*x**3 + x**2 - x - 3. What is z(2)?
-225
Let p(a) = -6*a**2 - 11*a + 18. Give p(5).
-187
Let m(o) = 172*o + 3973. Calculate m(-23).
17
Let s(y) = -145*y - 2606. What is s(-18)?
4
Let h(f) = 78*f - 1286. What is h(19)?
196
Let i(j) = -633*j + 51. Give i(0).
51
Let y(t) = t**3 - 20*t**2 + 16*t - 778. Determine y(21).
-1
Let k(h) = -70*h + 132. Calculate k(7).
-358
Let r(a) = a**3 - 50*a**2 + 147*a - 260. Determine r(47).
22
Let w(c) = -121*c + 1038. Give w(10).
-